
What is the greatest common factor of 39 and 793?
13
What is the greatest common factor of 5607 and 35?
7
What is the greatest common divisor of 18090 and 1080?
270
What is the highest common factor of 807 and 6?
3
Calculate the highest common factor of 78 and 884.
26
Calculate the highest common divisor of 289 and 51.
17
Calculate the greatest common factor of 98 and 28.
14
What is the highest common factor of 216 and 252?
36
Calculate the greatest common divisor of 6 and 1128.
6
What is the highest common divisor of 901 and 159?
53
What is the highest common divisor of 143 and 275?
11
What is the greatest common factor of 3495 and 135?
15
Calculate the highest common factor of 15141 and 1545.
309
What is the highest common factor of 360 and 270?
90
Calculate the greatest common divisor of 39 and 273.
39
What is the greatest common divisor of 1148 and 252?
28
Calculate the greatest common factor of 240 and 2580.
60
Calculate the highest common divisor of 52 and 13.
13
Calculate the highest common divisor of 13156 and 52.
52
Calculate the highest common divisor of 555 and 45.
15
Calculate the highest common factor of 22 and 1518.
22
What is the highest common factor of 204 and 3396?
12
Calculate the highest common divisor of 26 and 195.
13
Calculate the highest common factor of 338 and 52.
26
What is the highest common factor of 52 and 130?
26
What is the highest common divisor of 15 and 24?
3
Calculate the highest common divisor of 96 and 42.
6
Calculate the highest common divisor of 2915 and 275.
55
Calculate the greatest common divisor of 68 and 1564.
68
What is the greatest common divisor of 15 and 450?
15
Calculate the greatest common divisor of 71 and 781.
71
What is the greatest common divisor of 15 and 5955?
15
What is the greatest common factor of 154 and 22?
22
Calculate the greatest common factor of 3996 and 48.
12
Calculate the highest common divisor of 7 and 1267.
7
What is the highest common divisor of 2515 and 5?
5
What is the highest common factor of 2452 and 4?
4
What is the highest common divisor of 1524 and 48?
12
Calculate the greatest common divisor of 9 and 576.
9
Calculate the greatest common divisor of 10 and 1185.
5
Calculate the greatest common divisor of 1743 and 21.
21
Calculate the highest common factor of 200 and 125.
25
What is the highest common factor of 35 and 7?
7
Calculate the greatest common divisor of 218 and 981.
109
What is the greatest common factor of 203 and 21?
7
Calculate the highest common factor of 27 and 135.
27
Calculate the highest common factor of 175 and 70.
35
What is the greatest common factor of 807 and 4304?
269
What is the highest common factor of 374 and 44?
22
Calculate the highest common divisor of 5959 and 472.
59
Calculate the highest common factor of 136 and 119.
17
What is the greatest common divisor of 272 and 16?
16
What is the highest common divisor of 187 and 88?
11
What is the greatest common divisor of 30 and 10290?
30
What is the greatest common divisor of 30 and 590?
10
Calculate the greatest common divisor of 650 and 143.
13
What is the highest common divisor of 1083 and 19?
19
What is the highest common divisor of 24 and 100?
4
Calculate the highest common factor of 41 and 1025.
41
What is the highest common divisor of 64 and 17856?
64
Calculate the greatest common factor of 155 and 35.
5
Calculate the highest common factor of 66 and 165.
33
What is the highest common factor of 92 and 14536?
92
Calculate the highest common divisor of 186 and 62.
62
Calculate the highest common divisor of 110 and 1771.
11
What is the highest common divisor of 3195 and 852?
213
What is the highest common factor of 250 and 550?
50
Calculate the greatest common factor of 1160 and 40.
40
Calculate the greatest common divisor of 98 and 490.
98
What is the highest common divisor of 6795 and 135?
45
What is the highest common factor of 29 and 783?
29
What is the highest common factor of 496 and 48?
16
Calculate the highest common divisor of 1558 and 38.
38
Calculate the greatest common factor of 158 and 237.
79
What is the greatest common factor of 52 and 68?
4
Calculate the highest common factor of 902 and 22.
22
What is the highest common divisor of 82 and 3034?
82
What is the highest common divisor of 75 and 15825?
75
Calculate the highest common divisor of 1298 and 22.
22
What is the greatest common divisor of 117 and 2301?
39
What is the greatest common divisor of 3552 and 192?
96
What is the highest common divisor of 150 and 1575?
75
Calculate the highest common factor of 70 and 105.
35
Calculate the highest common divisor of 88 and 8.
8
Calculate the greatest common divisor of 1632 and 12.
12
Calculate the highest common factor of 31 and 4402.
31
What is the greatest common factor of 152 and 1178?
38
Calculate the highest common factor of 280 and 490.
70
What is the greatest common divisor of 38 and 14478?
38
Calculate the greatest common divisor of 425 and 34.
17
Calculate the greatest common factor of 6 and 113.
1
Calculate the greatest common divisor of 42 and 693.
21
Calculate the greatest common factor of 22 and 16.
2
Calculate the greatest common factor of 24 and 4164.
12
Calculate the highest common divisor of 138 and 35466.
138
What is the highest common factor of 1142 and 12?
2
What is the highest common factor of 243 and 43983?
243
Calculate the greatest common divisor of 12 and 6.
6
Calculate the highest common factor of 692 and 7439.
173
What is the highest common factor of 471 and 8164?
157
What is the highest common factor of 15 and 81?
3
Calculate the highest common factor of 16 and 3608.
8
What is the highest common factor of 1458 and 18?
18
Calculate the highest common factor of 6965 and 175.
35
Calculate the highest common factor of 116 and 290.
58
What is the greatest common divisor of 10 and 3446?
2
Calculate the greatest common divisor of 1629 and 1991.
181
What is the greatest common divisor of 10368 and 12?
12
Calculate the greatest common divisor of 19 and 703.
19
What is the greatest common factor of 1296 and 24?
24
Calculate the highest common factor of 20 and 2890.
10
What is the greatest common divisor of 378 and 14?
14
What is the highest common factor of 544 and 102?
34
What is the greatest common factor of 1 and 1?
1
Calculate the greatest common factor of 138 and 368.
46
Calculate the highest common divisor of 72 and 414.
18
What is the highest common divisor of 950 and 200?
50
What is the highest common divisor of 126 and 24?
6
What is the highest common divisor of 806 and 434?
62
What is the greatest common factor of 198 and 1818?
18
What is the highest common factor of 644 and 69?
23
Calculate the highest common factor of 69 and 9.
3
Calculate the greatest common divisor of 5104 and 1936.
176
Calculate the greatest common factor of 18 and 150.
6
Calculate the highest common factor of 324 and 72.
36
What is the highest common divisor of 418 and 152?
38
Calculate the highest common factor of 18 and 48.
6
Calculate the highest common factor of 13 and 763.
1
What is the highest common divisor of 34 and 255?
17
What is the highest common divisor of 27 and 108?
27
What is the highest common factor of 344 and 7654?
86
What is the highest common factor of 377 and 87?
29
Calculate the greatest common factor of 378 and 153.
9
Calculate the greatest common factor of 151 and 453.
151
Calculate the highest common divisor of 36 and 900.
36
What is the greatest common divisor of 1208 and 4379?
151
What is the highest common factor of 14 and 80?
2
Calculate the highest common divisor of 1501 and 553.
79
What is the highest common divisor of 5353 and 303?
101
Calculate the greatest common factor of 12 and 522.
6
What is the greatest common factor of 308 and 16?
4
Calculate the greatest common divisor of 9 and 801.
9
What is the greatest common factor of 12 and 2652?
12
What is the greatest common factor of 500 and 1300?
100
What is the greatest common divisor of 117 and 65?
13
Calculate the highest common factor of 1254 and 19.
19
What is the greatest common divisor of 170 and 110?
10
Calculate the highest common divisor of 193 and 6176.
193
What is the greatest common factor of 14 and 448?
14
What is the highest common divisor of 187 and 68?
17
Calculate the great